{"id":1014,"date":"2022-03-07T17:23:48","date_gmt":"2022-03-07T14:23:48","guid":{"rendered":"http:\/\/globalcenter.info\/cenvisu\/?page_id=1014"},"modified":"2022-03-07T17:23:49","modified_gmt":"2022-03-07T14:23:49","slug":"1014-2","status":"publish","type":"page","link":"https:\/\/globalcenter.info\/cenvisu\/?page_id=1014","title":{"rendered":""},"content":{"rendered":"\n<h5 class=\"has-text-align-center wp-block-heading\"><strong>9th Global Conference on Environmental Studies <\/strong><br><strong>(CENVISU-2021)<\/strong><br> ANTALYA <br>TURKEY <br>14 OCTOBER 2021 <\/h5>\n\n\n\n<p><\/p>\n\n\n\n<pre class=\"wp-block-preformatted\">Link to CENVISU\u00a02021 Abstract Book is available\u00a0<a href=\"http:\/\/globalcenter.info\/cenvisu\/wp-content\/uploads\/2021\/12\/cenvisu-2021-abstracts-1.pdf\" target=\"_blank\" rel=\"noreferrer noopener\" aria-label=\" (yeni sekmede a\u00e7\u0131l\u0131r)\">here<\/a>\nLink to CENVISU 2021\u00a0Program Book is available\u00a0<a href=\"http:\/\/globalcenter.info\/cenvisu\/wp-content\/uploads\/2022\/03\/cenvisu-2021-Programme.pdf\">here<\/a>\nPhotos from\u00a0 CENVISU\u00a0\u00a02021 is available at\u00a0<a rel=\"noreferrer noopener\" aria-label=\"here (yeni sekmede a\u00e7\u0131l\u0131r)\" href=\"https:\/\/www.facebook.com\/taeg_center\" target=\"_blank\">here<\/a><\/pre>\n\n\n<p><!--EndFragment--><br>\n<br>\n<\/p>","protected":false},"excerpt":{"rendered":"<p>9th Global Conference on Environmental Studies (CENVISU-2021) ANTALYA TURKEY 14 OCTOBER 2021 Link to CENVISU\u00a02021 Abstract Book is available\u00a0here Link to CENVISU 2021\u00a0Program Book is available\u00a0here Photos from\u00a0 CENVISU\u00a0\u00a02021 is available at\u00a0here<\/p>\n","protected":false},"author":5,"featured_media":0,"parent":0,"menu_order":0,"comment_status":"closed","ping_status":"closed","template":"","meta":{"footnotes":""},"class_list":["post-1014","page","type-page","status-publish","hentry"],"jetpack_sharing_enabled":true,"_links":{"self":[{"href":"https:\/\/globalcenter.info\/cenvisu\/index.php?rest_route=\/wp\/v2\/pages\/1014"}],"collection":[{"href":"https:\/\/globalcenter.info\/cenvisu\/index.php?rest_route=\/wp\/v2\/pages"}],"about":[{"href":"https:\/\/globalcenter.info\/cenvisu\/index.php?rest_route=\/wp\/v2\/types\/page"}],"author":[{"embeddable":true,"href":"https:\/\/globalcenter.info\/cenvisu\/index.php?rest_route=\/wp\/v2\/users\/5"}],"replies":[{"embeddable":true,"href":"https:\/\/globalcenter.info\/cenvisu\/index.php?rest_route=%2Fwp%2Fv2%2Fcomments&post=1014"}],"version-history":[{"count":1,"href":"https:\/\/globalcenter.info\/cenvisu\/index.php?rest_route=\/wp\/v2\/pages\/1014\/revisions"}],"predecessor-version":[{"id":1016,"href":"https:\/\/globalcenter.info\/cenvisu\/index.php?rest_route=\/wp\/v2\/pages\/1014\/revisions\/1016"}],"wp:attachment":[{"href":"https:\/\/globalcenter.info\/cenvisu\/index.php?rest_route=%2Fwp%2Fv2%2Fmedia&parent=1014"}],"curies":[{"name":"wp","href":"https:\/\/api.w.org\/{rel}","templated":true}]}}