{"id":375,"date":"2017-02-04T18:14:08","date_gmt":"2017-02-04T16:14:08","guid":{"rendered":"http:\/\/www.awer-center.org\/cenvisu\/?page_id=375"},"modified":"2017-02-04T18:14:08","modified_gmt":"2017-02-04T16:14:08","slug":"workshops","status":"publish","type":"page","link":"https:\/\/globalcenter.info\/cenvisu\/?page_id=375","title":{"rendered":"Workshops"},"content":{"rendered":"<p><strong>Workshop:<\/strong> Mendeley<br \/>\n<strong>S\u00fcre:<\/strong> 4 saat<br \/>\n<strong>\u00dccret:<\/strong> \u00fccretsiz<\/p>\n<p style=\"text-align: justify;\"><strong>Yrd. Do\u00e7. Dr. Nur Demirba\u015f \u00c7elik<\/strong><\/p>\n<p style=\"text-align: justify;\"><img loading=\"lazy\" decoding=\"async\" class=\"alignleft\" src=\"http:\/\/www.globalcenter.info\/ic-on\/nur.png\" alt=\"\" width=\"88\" height=\"115\" \/>Ankara \u00dcniversitesi Rehberlik Psikolojik ve Dan\u0131\u015fmanl\u0131k B\u00f6l\u00fcm\u00fcnden 2005 y\u0131l\u0131nda mezun olmu\u015ftur. Hacettepe \u00dcniversitesi Psikolojik Dan\u0131\u015fma ve Rehberlik Anabilim dal\u0131ndaki y\u00fcksek lisans\u0131n\u0131 \u201cYa\u015famda Anlam ve Y\u0131lmazl\u0131k\u201d konulu tezi ile 2010 y\u0131l\u0131nda tamamlam\u0131\u015ft\u0131r.\u00a0 2014 y\u0131l\u0131nda \u0130stanbul \u00dcniversitesi E\u011fitim Psikolojik Hizmetler dal\u0131nda \u201c\u00dcst-d\u00fczey ki\u015filik ve ya\u015famnurda anlam: Temel psikolojik ihtiya\u00e7lar\u0131n rol\u00fcn\u00fcn yap\u0131sal e\u015fitlik modellemesi ile incelenmesi\u201d adl\u0131 tezi ile doktora derecesi alm\u0131\u015ft\u0131r. \u015euanda Alanya Alaaddin Keykubat \u00dcniversitesi, E\u011fitim Fak\u00fcltesi, Rehberlik ve Psikolojik Dan\u0131\u015fmanl\u0131k Ana Bilim Dal\u0131nda \u00f6\u011fretim \u00fcyesi olarak \u00e7al\u0131\u015fmaktad\u0131r. Ya\u015famda anlam, ki\u015filik ve psikolojik iyi-olu\u015f konular\u0131 \u00fczerindeki akademik \u00e7al\u0131\u015fmalar\u0131na devam etmektedir. Ayr\u0131ca T\u00fcrkiye\u2019deki Mendeley dan\u0131\u015fmanlar\u0131ndan biridir.<\/p>\n<p style=\"text-align: justify;\"><img loading=\"lazy\" decoding=\"async\" class=\"alignright\" src=\"http:\/\/www.globalcenter.info\/ic-on\/mendeley.png\" alt=\"\" width=\"165\" height=\"51\" \/><\/p>\n<p style=\"text-align: justify;\">\n<p style=\"text-align: justify;\">\n<hr \/>\n<p style=\"text-align: justify;\"><strong>Birol \u00c7elik (Ph.D. Student)<\/strong><\/p>\n<p style=\"text-align: justify;\"><img loading=\"lazy\" decoding=\"async\" class=\"alignleft\" src=\"http:\/\/www.globalcenter.info\/ic-on\/birol.png\" alt=\"\" width=\"87\" height=\"117\" \/>Sakarya \u00dcniversitesi Bilgisayar ve Elektronik \u00d6\u011fretmenli\u011fi B\u00f6l\u00fcm\u00fc\u2019nden 2002 y\u0131l\u0131nda mezun olmu\u015ftur. Bah\u00e7e\u015fehir \u00dcniversitesi Bilgi Teknolojileri Program\u0131ndaki y\u00fcksek lisans\u0131n\u0131 2011 y\u0131l\u0131nda tamamlam\u0131\u015ft\u0131r. Bah\u00e7e\u015fehir \u00dcniversitesi MYO\u2019da 8 y\u0131l s\u00fcreyle dersler vermi\u015ftir. Yak\u0131n Do\u011fu \u00dcniversitesi Bilgisayar ve \u00d6\u011fretim Teknolojisi E\u011fitimi b\u00f6l\u00fcm\u00fcnde doktora program\u0131na devam etmektedir. Ayn\u0131 zamanda Serik Orhangazi Mesleki ve Teknik Anadolu Lisesi\u2019nde elektronik \u00f6\u011fretmeni olarak \u00e7al\u0131\u015fmaktad\u0131r. G\u00fcvenlik Sistemleri, sosyal a\u011flar, akademik yaz\u0131l\u0131m programlar\u0131, uzaktan e\u011fitim \u00fczerine \u00e7al\u0131\u015fmalar yapmaktad\u0131r. Ayr\u0131ca T\u00fcrkiye\u2019deki Mendeley dan\u0131\u015fmanlar\u0131ndan biridir.<\/p>\n<p style=\"text-align: justify;\"><img loading=\"lazy\" decoding=\"async\" class=\"alignright\" src=\"http:\/\/www.globalcenter.info\/ic-on\/mendeley.png\" alt=\"\" width=\"165\" height=\"51\" \/><\/p>\n<p style=\"text-align: justify;\">\n<p style=\"text-align: justify;\">\n<hr \/>\n<p style=\"text-align: justify;\"><strong>Mendeley<\/strong><\/p>\n<p style=\"text-align: justify;\"><img loading=\"lazy\" decoding=\"async\" class=\"alignleft\" src=\"http:\/\/www.globalcenter.info\/ic-on\/mendeley-logo.png\" alt=\"\" width=\"189\" height=\"42\" \/>Zaman\u0131 etkili kullanma bir\u00e7ok alanda oldu\u011fu gibi psikolojik dan\u0131\u015fma ve rehberlik alan\u0131na y\u00f6n veren bilim insanlar\u0131 i\u00e7in de ku\u015fkusuz ki ayr\u0131 bir \u00f6neme sahiptir. Teknolojik geli\u015fmelere uyum sa\u011flayabilme bilime y\u00f6n veren akademisyenler i\u00e7in \u00f6nemli bir parametredir. Bu nedenle bilgiye ula\u015fabilme, bilgiyi payla\u015fma, ortak \u00e7al\u0131\u015fmalar\/projelerde \u00e7al\u0131\u015fabilme, meslekta\u015flar\u0131n belli bir platformda bulu\u015fabilmesi teknolojinin etkin bir \u015fekilde kullan\u0131lmas\u0131 ile m\u00fcmk\u00fcnd\u00fcr. \u00a0Bilgisayar destekli yaz\u0131l\u0131mlar\u0131n say\u0131s\u0131 her ge\u00e7en g\u00fcn daha fazla \u00e7al\u0131\u015fma ya\u015fam\u0131n\u0131n\u0131m i\u00e7ine girmektedir.\u00a0 H\u0131zla geli\u015fen bilgisayar tabanl\u0131 yaz\u0131l\u0131mlar\u0131n bilinmesi, takip edilmesi ve etkili kullan\u0131labilmesi akademik hayat\u0131n da vazge\u00e7ilmez bir unsurdur. T\u00fcrkiye\u2019de akademik \u00e7al\u0131\u015fmalar\u0131 h\u0131zl\u0131, verimli ve kolayla\u015ft\u0131racak programlar yeterince yayg\u0131n olarak kullan\u0131lmamaktad\u0131r.<\/p>\n<p style=\"text-align: justify;\">Makale ya da tez haz\u0131rlarken pek \u00e7ok makale ve kitap okunmaktad\u0131r. Ancak bu s\u00fcre\u00e7te t\u00fcm bu makale ve kitaplar\u0131 d\u00fczenlemek, \u00fczerinde \u00e7al\u0131\u015fmak, not almak i\u00e7in teknolojik ara y\u00fczlere ihtiya\u00e7 duyulmaktad\u0131r. \u00a0Bu ihtiyac\u0131 gidermek i\u00e7in pek \u00e7ok yaz\u0131l\u0131m geli\u015ftirilmi\u015ftir. \u00a0Bu yaz\u0131l\u0131mlar aras\u0131nda ge\u00e7ti\u011fimiz bir y\u0131lda en \u00e7ok tercih edilen program MENDELEY\u2019dir. MENDELEY makalelerin organize edilmesini, ayni alanda \u00e7al\u0131\u015fan di\u011fer ara\u015ft\u0131rmac\u0131larla i\u015fbirli\u011fi yap\u0131lmas\u0131n\u0131, en son ara\u015ft\u0131rmalar\u0131 ke\u015ffetmeye olanak tan\u0131yan, \u00fccretsiz bir referans y\u00f6netim arac\u0131 akademik sosyal a\u011fd\u0131r. Elsevier\u2019in destekledi\u011fi, yeni nesil yaz\u0131l\u0131mlardan biri olan MENDELEY ara\u015ft\u0131rmac\u0131lara pek \u00e7ok olanak sunmaktad\u0131r. Bu olanaklar;<\/p>\n<ul>\n<li>Akademik not alma<\/li>\n<li>Makaleleri s\u0131n\u0131fland\u0131rma<\/li>\n<li>Makale ve dosyalar \u00fczerinde \u00e7al\u0131\u015fabilme<\/li>\n<li>Otomatik \u00fcst veri bulma ve d\u00fczenleyebilme<\/li>\n<li>Otomatik kaynak\u00e7a olu\u015fturma<\/li>\n<li>Makale arama<\/li>\n<li>Akademik sosyal a\u011f olu\u015fturma<\/li>\n<li>Makale payla\u015fabilme<\/li>\n<li>Otomatik olarak referanslar\u0131 istenilen stilde olu\u015fturma<\/li>\n<li>Online olan di\u011fer ara\u015ft\u0131rmac\u0131larla i\u015fbirli\u011fi yapma<\/li>\n<li>Okunacak ve okunmu\u015f makaleleri organize etme<\/li>\n<li>Okunan makaleleri temel alarak konuda okuyabilecek ba\u015fka makaleler \u00f6nerme<\/li>\n<li>Bilgisayara indirilen makalelere \u00e7evrim i\u00e7i olarak eri\u015fme<\/li>\n<li>Ak\u0131ll\u0131 telefonlar ve tabletler arac\u0131l\u0131\u011f\u0131yla makalelere istenilen yerde eri\u015febilme<\/li>\n<\/ul>\n<p style=\"text-align: justify;\">gibi olanaklar sa\u011flamaktad\u0131r.<\/p>\n<p style=\"text-align: justify;\">Tez yazma, makale yazma, kitap yazma s\u00fcre\u00e7lerinde ilgili \u00e7al\u0131\u015fmalar\u0131n d\u00fczenli ve kolay eri\u015filebilir olarak s\u0131n\u0131fland\u0131r\u0131lmas\u0131n\u0131 sa\u011flamaktad\u0131r. Ayr\u0131ca veri tabanlar\u0131ndan aranan makalelerin, incelenen kitaplar\u0131n, konferanslar\u0131n k\u00fct\u00fcphanenize aktarman\u0131z i\u00e7in arac\u0131 bir programd\u0131r. Bu program arac\u0131l\u0131\u011f\u0131yla otomatik olarak referans g\u00f6sterilmekte ve kaynak\u00e7alar istenilen formatta otomatik olarak olu\u015fturulmaktad\u0131r. Ayr\u0131ca Mendeley\u2019deki akademik a\u011f\u0131n\u0131z arac\u0131l\u0131\u011f\u0131yla ara\u015ft\u0131rmac\u0131lar\u0131n \u00e7al\u0131\u015fmalar\u0131n\u0131 payla\u015fma imk\u00e2n\u0131 sunmaktad\u0131r.<\/p>\n<p style=\"text-align: justify;\">Bu e\u011fitimde,<\/p>\n<ul>\n<li>MENDELEY program\u0131n\u0131n kurulumu<\/li>\n<li>Mendeley\u2019in masa\u00fcst\u00fc, mobil ve web ara y\u00fcz\u00fcn\u00fcn kullan\u0131m\u0131<\/li>\n<li>Mendeley\u2019de makalelerin s\u0131n\u0131fland\u0131r\u0131lmas\u0131<\/li>\n<li>Mendeley\u2019de makale okuma, not alma, arama yapma<\/li>\n<li>Word \u00fczerinden Mendeley\u2019i kullanarak referans g\u00f6sterme<\/li>\n<li>Farkl\u0131 formatlarda otomatik kaynak\u00e7a olu\u015fturma<\/li>\n<li>Akademik a\u011f olu\u015fturma<\/li>\n<li>Belli bir konuda \u00e7al\u0131\u015fmak, makale payla\u015f\u0131m\u0131nda bulunmak \u00fczere grup olu\u015fturma<\/li>\n<\/ul>\n<p style=\"text-align: justify;\">Hem teorik hem uygulamal\u0131 olarak analiz edilecektir. Bu nedenle kat\u0131l\u0131mc\u0131lar\u0131n e\u011fitime bilgisayarlar\u0131 ile gelmeleri beklenmektedir.<\/p>\n<p style=\"text-align: justify;\"><strong>Kimler Kat\u0131labilir:<\/strong> Lisans\u00fcst\u00fc \u00f6\u011frencileri, ara\u015ft\u0131rmac\u0131lar, akademisyenler<\/p>\n","protected":false},"excerpt":{"rendered":"<p>Workshop: Mendeley S\u00fcre: 4 saat \u00dccret: \u00fccretsiz Yrd. Do\u00e7. Dr. Nur Demirba\u015f \u00c7elik Ankara \u00dcniversitesi Rehberlik Psikolojik ve Dan\u0131\u015fmanl\u0131k B\u00f6l\u00fcm\u00fcnden 2005 y\u0131l\u0131nda mezun olmu\u015ftur. Hacettepe \u00dcniversitesi Psikolojik Dan\u0131\u015fma ve Rehberlik Anabilim dal\u0131ndaki y\u00fcksek lisans\u0131n\u0131 \u201cYa\u015famda Anlam ve Y\u0131lmazl\u0131k\u201d konulu tezi ile 2010 y\u0131l\u0131nda tamamlam\u0131\u015ft\u0131r.\u00a0&#8230;<\/p>\n","protected":false},"author":5,"featured_media":0,"parent":0,"menu_order":0,"comment_status":"closed","ping_status":"closed","template":"","meta":{"footnotes":""},"class_list":["post-375","page","type-page","status-publish","hentry"],"jetpack_sharing_enabled":true,"_links":{"self":[{"href":"https:\/\/globalcenter.info\/cenvisu\/index.php?rest_route=\/wp\/v2\/pages\/375"}],"collection":[{"href":"https:\/\/globalcenter.info\/cenvisu\/index.php?rest_route=\/wp\/v2\/pages"}],"about":[{"href":"https:\/\/globalcenter.info\/cenvisu\/index.php?rest_route=\/wp\/v2\/types\/page"}],"author":[{"embeddable":true,"href":"https:\/\/globalcenter.info\/cenvisu\/index.php?rest_route=\/wp\/v2\/users\/5"}],"replies":[{"embeddable":true,"href":"https:\/\/globalcenter.info\/cenvisu\/index.php?rest_route=%2Fwp%2Fv2%2Fcomments&post=375"}],"version-history":[{"count":1,"href":"https:\/\/globalcenter.info\/cenvisu\/index.php?rest_route=\/wp\/v2\/pages\/375\/revisions"}],"predecessor-version":[{"id":376,"href":"https:\/\/globalcenter.info\/cenvisu\/index.php?rest_route=\/wp\/v2\/pages\/375\/revisions\/376"}],"wp:attachment":[{"href":"https:\/\/globalcenter.info\/cenvisu\/index.php?rest_route=%2Fwp%2Fv2%2Fmedia&parent=375"}],"curies":[{"name":"wp","href":"https:\/\/api.w.org\/{rel}","templated":true}]}}