{"id":1226,"date":"2025-04-03T16:12:19","date_gmt":"2025-04-03T13:12:19","guid":{"rendered":"https:\/\/globalcenter.info\/cyicer\/?page_id=1226"},"modified":"2026-03-03T18:02:14","modified_gmt":"2026-03-03T15:02:14","slug":"organizing-committee-2","status":"publish","type":"page","link":"https:\/\/globalcenter.info\/cyicer\/?page_id=1226","title":{"rendered":"Organizing Committe"},"content":{"rendered":"\n<p>Organizing Committee<\/p>\n\n\n\n<p><strong>Organized by<\/strong><strong><br><\/strong>University of Kyrenia, North Cyprus<br>Cyprus Educational Sciences Association<br>The Academic Event Group<\/p>\n\n\n\n<p><strong>Honnarary President<\/strong><\/p>\n\n\n\n<p>Assoc. Prof. Cemre S. Gunsel Haskasap<\/p>\n\n\n\n<p>Founding Rector<\/p>\n\n\n\n<p><strong>President&nbsp;<\/strong><\/p>\n\n\n\n<p>Prof. Dr. \u0130lkay Saliho\u011flu<\/p>\n\n\n\n<p>Rector<\/p>\n\n\n\n<p><strong>Program Chair<\/strong><br>Prof. Dr. Huseyin Uzunboylu<\/p>\n\n\n\n<p><strong>Scientific Committee<\/strong>&nbsp;<\/p>\n\n\n\n<p>Dr. Ayhan \u00c7ak\u0131c\u0131<\/p>\n\n\n\n<p>Dr. Erin\u00e7 Er\u00e7a\u011f<\/p>\n\n\n\n<p>Dr. Gokmen Dagl\u0131<\/p>\n\n\n\n<p>Dr. Mehmet Beyazsa\u00e7l\u0131<\/p>\n\n\n\n<p>Dr. Mehmet \u00d6znacar<\/p>\n\n\n\n<p>Dr. Nihat Ekizo\u011flu<\/p>\n\n\n\n<p>Dr. Nurdan Atamturk<\/p>\n\n\n\n<p>Dr. Tahir Tavuk\u00e7u<\/p>\n\n\n\n<p>Dr. Vasfi Tu\u011fun<\/p>\n\n\n\n<p>Dr. Ye\u015fim Aksoy<\/p>\n\n\n\n<p><strong>Local Organizing Committee<br><\/strong>Alper Karabacak, University of Kyrenia, North Cyprus<\/p>\n\n\n\n<p>Beria Gokaydin, Near East University, Cyprus<\/p>\n\n\n\n<p>Florijeta Hulaj, AAB College, Kosovo<\/p>\n\n\n\n<p>Metin Berk Odaba\u015f\u0131, University of Warwick, UK<\/p>\n\n\n\n<p>Mustafa Korucu, Bahcesehir Cyprus University, Cyprus<\/p>\n\n\n\n<p>Nihat Ekizoglu, Atat\u00fcrk Teacher Training Academy, Cyprus<\/p>\n\n\n\n<p>Serap Karabacak, University of Kyrenia, North Cyprus<\/p>\n\n\n\n<p>Tahir Tavuk\u00e7u, Atat\u00fcrk Teacher Training Academy, Cyprus<\/p>\n\n\n\n<p>Atefeh Ferdosipour, Educational Psychologist, PhD | AI &amp; Education Researcher | Academic Consultant, USA<\/p>\n\n\n\n<p><strong>General Coordinator<br><\/strong>Onwudiwe Kenechukwu, University of Kyrenia, North Cyprus<\/p>\n\n\n\n<p><\/p>\n","protected":false},"excerpt":{"rendered":"<p>Organizing Committee Organized byUniversity of Kyrenia, North CyprusCyprus Educational Sciences AssociationThe Academic Event Group Honnarary President Assoc. Prof. Cemre S.&hellip;<\/p>\n","protected":false},"author":5,"featured_media":0,"parent":0,"menu_order":0,"comment_status":"closed","ping_status":"closed","template":"","meta":{"footnotes":""},"class_list":["post-1226","page","type-page","status-publish","hentry"],"yoast_head":"<!-- This site is optimized with the Yoast SEO plugin v24.8.1 - https:\/\/yoast.com\/wordpress\/plugins\/seo\/ -->\n<title>Organizing Committe -<\/title>\n<meta name=\"robots\" content=\"index, follow, max-snippet:-1, max-image-preview:large, max-video-preview:-1\" \/>\n<link rel=\"canonical\" href=\"https:\/\/globalcenter.info\/cyicer\/?page_id=1226\" \/>\n<meta property=\"og:locale\" content=\"tr_TR\" \/>\n<meta property=\"og:type\" content=\"article\" \/>\n<meta property=\"og:title\" content=\"Organizing Committe -\" \/>\n<meta property=\"og:description\" content=\"Organizing Committee Organized byUniversity of Kyrenia, North CyprusCyprus Educational Sciences AssociationThe Academic Event Group Honnarary President Assoc. Prof. Cemre S.&hellip;\" \/>\n<meta property=\"og:url\" content=\"https:\/\/globalcenter.info\/cyicer\/?page_id=1226\" \/>\n<meta property=\"article:modified_time\" content=\"2026-03-03T15:02:14+00:00\" \/>\n<meta name=\"twitter:card\" content=\"summary_large_image\" \/>\n<meta name=\"twitter:label1\" content=\"Tahmini okuma s\u00fcresi\" \/>\n\t<meta name=\"twitter:data1\" content=\"1 dakika\" \/>\n<script type=\"application\/ld+json\" class=\"yoast-schema-graph\">{\"@context\":\"https:\/\/schema.org\",\"@graph\":[{\"@type\":\"WebPage\",\"@id\":\"https:\/\/globalcenter.info\/cyicer\/?page_id=1226\",\"url\":\"https:\/\/globalcenter.info\/cyicer\/?page_id=1226\",\"name\":\"Organizing Committe -\",\"isPartOf\":{\"@id\":\"https:\/\/globalcenter.info\/cyicer\/#website\"},\"datePublished\":\"2025-04-03T13:12:19+00:00\",\"dateModified\":\"2026-03-03T15:02:14+00:00\",\"breadcrumb\":{\"@id\":\"https:\/\/globalcenter.info\/cyicer\/?page_id=1226#breadcrumb\"},\"inLanguage\":\"tr\",\"potentialAction\":[{\"@type\":\"ReadAction\",\"target\":[\"https:\/\/globalcenter.info\/cyicer\/?page_id=1226\"]}]},{\"@type\":\"BreadcrumbList\",\"@id\":\"https:\/\/globalcenter.info\/cyicer\/?page_id=1226#breadcrumb\",\"itemListElement\":[{\"@type\":\"ListItem\",\"position\":1,\"name\":\"Home\",\"item\":\"https:\/\/globalcenter.info\/cyicer\/\"},{\"@type\":\"ListItem\",\"position\":2,\"name\":\"Organizing Committe\"}]},{\"@type\":\"WebSite\",\"@id\":\"https:\/\/globalcenter.info\/cyicer\/#website\",\"url\":\"https:\/\/globalcenter.info\/cyicer\/\",\"name\":\"GLOBAL CENTER\",\"description\":\"\",\"potentialAction\":[{\"@type\":\"SearchAction\",\"target\":{\"@type\":\"EntryPoint\",\"urlTemplate\":\"https:\/\/globalcenter.info\/cyicer\/?s={search_term_string}\"},\"query-input\":{\"@type\":\"PropertyValueSpecification\",\"valueRequired\":true,\"valueName\":\"search_term_string\"}}],\"inLanguage\":\"tr\"}]}<\/script>\n<!-- \/ Yoast SEO plugin. -->","yoast_head_json":{"title":"Organizing Committe -","robots":{"index":"index","follow":"follow","max-snippet":"max-snippet:-1","max-image-preview":"max-image-preview:large","max-video-preview":"max-video-preview:-1"},"canonical":"https:\/\/globalcenter.info\/cyicer\/?page_id=1226","og_locale":"tr_TR","og_type":"article","og_title":"Organizing Committe -","og_description":"Organizing Committee Organized byUniversity of Kyrenia, North CyprusCyprus Educational Sciences AssociationThe Academic Event Group Honnarary President Assoc. Prof. Cemre S.&hellip;","og_url":"https:\/\/globalcenter.info\/cyicer\/?page_id=1226","article_modified_time":"2026-03-03T15:02:14+00:00","twitter_card":"summary_large_image","twitter_misc":{"Tahmini okuma s\u00fcresi":"1 dakika"},"schema":{"@context":"https:\/\/schema.org","@graph":[{"@type":"WebPage","@id":"https:\/\/globalcenter.info\/cyicer\/?page_id=1226","url":"https:\/\/globalcenter.info\/cyicer\/?page_id=1226","name":"Organizing Committe -","isPartOf":{"@id":"https:\/\/globalcenter.info\/cyicer\/#website"},"datePublished":"2025-04-03T13:12:19+00:00","dateModified":"2026-03-03T15:02:14+00:00","breadcrumb":{"@id":"https:\/\/globalcenter.info\/cyicer\/?page_id=1226#breadcrumb"},"inLanguage":"tr","potentialAction":[{"@type":"ReadAction","target":["https:\/\/globalcenter.info\/cyicer\/?page_id=1226"]}]},{"@type":"BreadcrumbList","@id":"https:\/\/globalcenter.info\/cyicer\/?page_id=1226#breadcrumb","itemListElement":[{"@type":"ListItem","position":1,"name":"Home","item":"https:\/\/globalcenter.info\/cyicer\/"},{"@type":"ListItem","position":2,"name":"Organizing Committe"}]},{"@type":"WebSite","@id":"https:\/\/globalcenter.info\/cyicer\/#website","url":"https:\/\/globalcenter.info\/cyicer\/","name":"GLOBAL CENTER","description":"","potentialAction":[{"@type":"SearchAction","target":{"@type":"EntryPoint","urlTemplate":"https:\/\/globalcenter.info\/cyicer\/?s={search_term_string}"},"query-input":{"@type":"PropertyValueSpecification","valueRequired":true,"valueName":"search_term_string"}}],"inLanguage":"tr"}]}},"_links":{"self":[{"href":"https:\/\/globalcenter.info\/cyicer\/index.php?rest_route=\/wp\/v2\/pages\/1226","targetHints":{"allow":["GET"]}}],"collection":[{"href":"https:\/\/globalcenter.info\/cyicer\/index.php?rest_route=\/wp\/v2\/pages"}],"about":[{"href":"https:\/\/globalcenter.info\/cyicer\/index.php?rest_route=\/wp\/v2\/types\/page"}],"author":[{"embeddable":true,"href":"https:\/\/globalcenter.info\/cyicer\/index.php?rest_route=\/wp\/v2\/users\/5"}],"replies":[{"embeddable":true,"href":"https:\/\/globalcenter.info\/cyicer\/index.php?rest_route=%2Fwp%2Fv2%2Fcomments&post=1226"}],"version-history":[{"count":8,"href":"https:\/\/globalcenter.info\/cyicer\/index.php?rest_route=\/wp\/v2\/pages\/1226\/revisions"}],"predecessor-version":[{"id":1359,"href":"https:\/\/globalcenter.info\/cyicer\/index.php?rest_route=\/wp\/v2\/pages\/1226\/revisions\/1359"}],"wp:attachment":[{"href":"https:\/\/globalcenter.info\/cyicer\/index.php?rest_route=%2Fwp%2Fv2%2Fmedia&parent=1226"}],"curies":[{"name":"wp","href":"https:\/\/api.w.org\/{rel}","templated":true}]}}