{"id":17,"date":"2015-12-29T12:16:14","date_gmt":"2015-12-29T10:16:14","guid":{"rendered":"http:\/\/www.awer-center.org\/psysoc\/?page_id=17"},"modified":"2023-09-15T12:01:52","modified_gmt":"2023-09-15T09:01:52","slug":"call-for-papers","status":"publish","type":"page","link":"https:\/\/globalcenter.info\/psysoc\/?page_id=17","title":{"rendered":"Call for Papers"},"content":{"rendered":"<p><strong>\u00a0<\/strong>Dear Colleagues,<\/p>\n<p>We would like to invite you to the\u00a0<strong>12th\u00a0World Conference on Psychology and Sociology\u201d<\/strong>which will take place on\u00a0<strong>November 02-04, 2023 <\/strong>in\u00a0<strong>Istanbul, Turkey<\/strong>.<\/p>\n<p>The conference aims to bring together academics, psychologists, sociologist, guidance personnel, counsellors, teachers, graduate and undergraduate students with government and non-government organizations to share and discuss both theoretical and practical knowledge about psychology, sociology, counselling and guidance in the scientific environment.<\/p>\n<ul>\n<li>You may publish your article on a journal indexed by\u00a0<strong>Scopus<\/strong>or\u00a0<strong>Web of Science (ESCI)<\/strong>following a review process and by paying an additional registration fee.\u00a0<a href=\"http:\/\/www.globalcenter.info\/sci-math\/wp-content\/uploads\/2019\/01\/rules-eng-yeni.pdf\">For more information\u2026<\/a><\/li>\n<li>Selected papers will be published \u0130n Supporting or other Journals:<strong>Clarivate Analytics\u00a0Web of Science<\/strong><strong>(SSCI,\u00a0SCI-Expanded,\u00a0ESCI)\u00a0or\u00a0SCOPUS.<\/strong><\/li>\n<li>The Remain accepted full papers will be published as proceedings by International Leading Publishers and also submitted to\u00a0<strong>SCOPUS,\u00a0EBSCO,<\/strong>and\u00a0<strong>Clarivate Analytics\u00a0Conference Proceedings Citation Index \u2013 CPCI (ISI Web of Science)<\/strong>\u00a0for evaluation for inclusion in the list.\u00a0<a href=\"http:\/\/www.globalcenter.info\/wclta\/wp-content\/uploads\/2019\/09\/Web-of-Science-Taeg.pdf\">For more information please click here\u2026<\/a><\/li>\n<li>Full text in Turkish will be published in \u201cInternational Journal of New Trends in Social Sciences (IJSS)\u201d (<a href=\"http:\/\/www.ij-ss.eu\/\">ij-ss.eu<\/a>) after the refereeing process.<\/li>\n<\/ul>\n<p>Beside these, there are keynote speakers including the latest development, and workshops. You also have chance to discuss about your works which you want to publish with the editors of the most respectable journals of the world, and get warm connection with them.<\/p>\n<p>We would like to invite you to share your expertise, your experience, and your new research results about educational sciences with the colleagues. It looks very promising!<\/p>\n<p>Let\u2019s meet in Istanbul&#8230;<\/p>\n<p>Regards<br \/>\n<strong>Assoc. Prof. Dr. Melis Seray \u00d6zden Y\u0131ld\u0131r\u0131m<br \/>\n<\/strong><strong>Program Chair<\/strong><\/p>\n<p><strong><span style=\"color: #ff0000;\">Start here to submit a abstract to this conference.<\/span><br \/>\n<a href=\"http:\/\/www.worldeducationcenter.eu\/new\/index.php\/PSYSOC\/PSYSOC2023\/schedConf\/cfp\">STEP ONE OF THE SUBMISSION PROCESS<\/a><\/strong><\/p>\n","protected":false},"excerpt":{"rendered":"<p>\u00a0Dear Colleagues, We would like to invite you to the\u00a012th\u00a0World Conference on Psychology and Sociology\u201dwhich will take place on\u00a0November 02-04, 2023 in\u00a0Istanbul, Turkey. The conference aims to bring together academics, psychologists, sociologist, guidance personnel, counsellors, teachers, graduate and undergraduate students with government and non-government organizations to share and discuss both theoretical and practical knowledge about &hellip; <a href=\"https:\/\/globalcenter.info\/psysoc\/?page_id=17\" class=\"more-link\">Okumaya devam et<span class=\"screen-reader-text\"> &#8220;Call for Papers&#8221;<\/span><\/a><\/p>\n","protected":false},"author":4,"featured_media":0,"parent":0,"menu_order":0,"comment_status":"closed","ping_status":"closed","template":"","meta":{"footnotes":""},"_links":{"self":[{"href":"https:\/\/globalcenter.info\/psysoc\/index.php?rest_route=\/wp\/v2\/pages\/17"}],"collection":[{"href":"https:\/\/globalcenter.info\/psysoc\/index.php?rest_route=\/wp\/v2\/pages"}],"about":[{"href":"https:\/\/globalcenter.info\/psysoc\/index.php?rest_route=\/wp\/v2\/types\/page"}],"author":[{"embeddable":true,"href":"https:\/\/globalcenter.info\/psysoc\/index.php?rest_route=\/wp\/v2\/users\/4"}],"replies":[{"embeddable":true,"href":"https:\/\/globalcenter.info\/psysoc\/index.php?rest_route=%2Fwp%2Fv2%2Fcomments&post=17"}],"version-history":[{"count":24,"href":"https:\/\/globalcenter.info\/psysoc\/index.php?rest_route=\/wp\/v2\/pages\/17\/revisions"}],"predecessor-version":[{"id":904,"href":"https:\/\/globalcenter.info\/psysoc\/index.php?rest_route=\/wp\/v2\/pages\/17\/revisions\/904"}],"wp:attachment":[{"href":"https:\/\/globalcenter.info\/psysoc\/index.php?rest_route=%2Fwp%2Fv2%2Fmedia&parent=17"}],"curies":[{"name":"wp","href":"https:\/\/api.w.org\/{rel}","templated":true}]}}