{"id":2,"date":"2015-12-21T17:47:53","date_gmt":"2015-12-21T15:47:53","guid":{"rendered":"http:\/\/www.awer-center.org\/psysoc\/?page_id=2"},"modified":"2024-04-24T11:19:42","modified_gmt":"2024-04-24T08:19:42","slug":"ornek-sayfa","status":"publish","type":"page","link":"https:\/\/globalcenter.info\/psysoc\/","title":{"rendered":"Home"},"content":{"rendered":"<h1 style=\"text-align: center;\"><span style=\"color: #008080;\"><b><span lang=\"EN-US\">12th WORLD CONFERENCE on PSYCHOLOGY and SOCIOLOGY<\/span><\/b><\/span><\/h1>\n<h3 style=\"text-align: center;\"><strong>\u0130stanbul Ayd\u0131n University<br \/>\u0130stanbul, Turkey<br \/><\/strong><strong>November 02-04, 2023<br \/><\/strong><\/h3>\n<h4 style=\"text-align: center;\"><span style=\"color: #ff0000;\"><strong><span style=\"color: #333333;\">Due Date for Abstract Submissions<\/span><\/strong><\/span><strong>:<\/strong><span style=\"color: #ff0000;\"><strong> OCTOBER 31<\/strong><strong>, 2023<\/strong><\/span><\/h4>\n<hr \/>\n<p style=\"text-align: center;\"><a href=\"http:\/\/globalcenter.info\/psysoc\/wp-content\/uploads\/2023\/06\/Basliksiz-1-1024x324-1.jpg\"><img decoding=\"async\" loading=\"lazy\" class=\"alignnone size-full wp-image-886\" src=\"http:\/\/globalcenter.info\/psysoc\/wp-content\/uploads\/2023\/06\/Basliksiz-1-1024x324-1.jpg\" alt=\"\" width=\"1024\" height=\"324\" srcset=\"https:\/\/globalcenter.info\/psysoc\/wp-content\/uploads\/2023\/06\/Basliksiz-1-1024x324-1.jpg 1024w, https:\/\/globalcenter.info\/psysoc\/wp-content\/uploads\/2023\/06\/Basliksiz-1-1024x324-1-300x95.jpg 300w, https:\/\/globalcenter.info\/psysoc\/wp-content\/uploads\/2023\/06\/Basliksiz-1-1024x324-1-768x243.jpg 768w, https:\/\/globalcenter.info\/psysoc\/wp-content\/uploads\/2023\/06\/Basliksiz-1-1024x324-1-740x234.jpg 740w, https:\/\/globalcenter.info\/psysoc\/wp-content\/uploads\/2023\/06\/Basliksiz-1-1024x324-1-400x127.jpg 400w\" sizes=\"(max-width: 709px) 85vw, (max-width: 909px) 67vw, (max-width: 1362px) 62vw, 840px\" \/><\/a><\/p>\n<ul>\n<li>You may publish your article on a journal indexed by <span style=\"color: #800000;\"><strong>Scopus<\/strong><\/span> or <strong><span style=\"color: #ff0000;\">Web of Science (ESCI)<\/span><\/strong> following a review process and by paying an additional registration fee (APC-if the journal demands). <a href=\"https:\/\/www.globalcenter.info\/wces\/wp-content\/uploads\/2024\/04\/rules-eng.pdf\">For more information\u2026<\/a><\/li>\n<li>\u00a0Selected papers will be published in Supporting or other Journals: <strong><span style=\"color: #ff0000;\">Clarivate Analytics Web of Science<\/span><\/strong> (<strong><span style=\"color: #008000;\">SSCI,<\/span><\/strong> or<strong><span style=\"color: #000080;\"> ESCI<\/span><\/strong>) or <strong><span style=\"color: #800080;\">SCOPUS.\u00a0<\/span><\/strong><\/li>\n<li>In addition, selected full papers will be published in theGlobal Journal of Psychology Research: New Trends and Issues \u2013 <a href=\"http:\/\/www.gjpr.eu\">gjpr.eu<\/a> or Global Journal of Sociology: Current Issues \u2013 <a href=\"http:\/\/www.gjgc.eu\">www.gjgc.eu<\/a><\/li>\n<li>The Remaining accepted full papers will be published as proceedings\u00a0<strong><span style=\"color: #000080;\"><em>New Trends and <\/em><\/span><\/strong><em><strong><span style=\"color: #000080;\">Issues Proceedings on Humanities and Social Science<\/span><\/strong>s <\/em>(indexed in\u00a0<strong><span style=\"color: #ff0000;\">Web of Science<\/span><\/strong>,\u00a0<u>prosoc.eu<\/u>) and also submitted to\u00a0<strong><span style=\"color: #800080;\">SCOPUS<\/span><\/strong> and <strong><span style=\"color: #ff0000;\">Clarivate Analytics Conference Proceedings Citation Index \u2013 CPCI (ISI Web of Science)<\/span> <\/strong>for evaluation for inclusion in the list <a href=\"http:\/\/www.globalcenter.info\/prosoc_wos.jpg\">For more information please click here\u2026<\/a><\/li>\n<li>Also, distinguished keynote speakers who are internationally renowned in the field will be giving presentations at the conference.<\/li>\n<li>Abstracts and full papers must be English Language.<\/li>\n<li>All proposals will be subjected to peer-reviews.<\/li>\n<li>Best Papers and Posters Awards<\/li>\n<li>Virtual (online) Participation Opportunities<\/li>\n<li>Entrance to all Workshops<\/li>\n<li>Presentation and Participation Certificates<\/li>\n<li>Coffee breaks<\/li>\n<li>Online Program Book<\/li>\n<li>Online Abstracts Book<\/li>\n<li>Networking time<\/li>\n<li>For more information:<a href=\"http:\/\/www.psysoc.net\">psysoc.net<\/a><\/li>\n<\/ul>\n<hr \/>\n<p>Hope to meet you in Istanbul&#8230;<br \/>Assoc. Prof. Dr. Melis Seray \u00d6zden<br \/>Istanbul Kultur University<\/p>\n<p>Program Chair<a href=\"http:\/\/www.worldeducationcenter.eu\/new\/index.php\/PSYSOC\/PSYSOC2023\/schedConf\/cfp\"><img decoding=\"async\" loading=\"lazy\" class=\"wp-image-881  aligncenter\" src=\"http:\/\/globalcenter.info\/psysoc\/wp-content\/uploads\/2023\/04\/5364002.png\" alt=\"\" width=\"716\" height=\"182\" srcset=\"https:\/\/globalcenter.info\/psysoc\/wp-content\/uploads\/2023\/04\/5364002.png 1240w, https:\/\/globalcenter.info\/psysoc\/wp-content\/uploads\/2023\/04\/5364002-300x76.png 300w, https:\/\/globalcenter.info\/psysoc\/wp-content\/uploads\/2023\/04\/5364002-768x195.png 768w, https:\/\/globalcenter.info\/psysoc\/wp-content\/uploads\/2023\/04\/5364002-1024x260.png 1024w, https:\/\/globalcenter.info\/psysoc\/wp-content\/uploads\/2023\/04\/5364002-740x188.png 740w, https:\/\/globalcenter.info\/psysoc\/wp-content\/uploads\/2023\/04\/5364002-400x102.png 400w\" sizes=\"(max-width: 716px) 85vw, 716px\" \/><\/a><\/p>\n<p style=\"text-align: center;\">\u00a0<\/p>\n\n\n<figure class=\"wp-block-image\"><img decoding=\"async\" loading=\"lazy\" width=\"1024\" height=\"636\" src=\"http:\/\/globalcenter.info\/psysoc\/wp-content\/uploads\/2020\/07\/CYICER-2019-1024x636.jpg\" alt=\"\" class=\"wp-image-697\" srcset=\"https:\/\/globalcenter.info\/psysoc\/wp-content\/uploads\/2020\/07\/CYICER-2019-1024x636.jpg 1024w, https:\/\/globalcenter.info\/psysoc\/wp-content\/uploads\/2020\/07\/CYICER-2019-300x186.jpg 300w, https:\/\/globalcenter.info\/psysoc\/wp-content\/uploads\/2020\/07\/CYICER-2019-768x477.jpg 768w, https:\/\/globalcenter.info\/psysoc\/wp-content\/uploads\/2020\/07\/CYICER-2019-740x459.jpg 740w, https:\/\/globalcenter.info\/psysoc\/wp-content\/uploads\/2020\/07\/CYICER-2019-400x248.jpg 400w, https:\/\/globalcenter.info\/psysoc\/wp-content\/uploads\/2020\/07\/CYICER-2019.jpg 1463w\" sizes=\"(max-width: 709px) 85vw, (max-width: 909px) 67vw, (max-width: 1362px) 62vw, 840px\" \/><\/figure>\n","protected":false},"excerpt":{"rendered":"<p>12th WORLD CONFERENCE on PSYCHOLOGY and SOCIOLOGY \u0130stanbul Ayd\u0131n University\u0130stanbul, TurkeyNovember 02-04, 2023 Due Date for Abstract Submissions: OCTOBER 31, 2023 You may publish your article on a journal indexed by Scopus or Web of Science (ESCI) following a review process and by paying an additional registration fee (APC-if the journal demands). For more information\u2026 &hellip; <a href=\"https:\/\/globalcenter.info\/psysoc\/\" class=\"more-link\">Okumaya devam et<span class=\"screen-reader-text\"> &#8220;Home&#8221;<\/span><\/a><\/p>\n","protected":false},"author":4,"featured_media":0,"parent":0,"menu_order":0,"comment_status":"closed","ping_status":"open","template":"","meta":{"footnotes":""},"_links":{"self":[{"href":"https:\/\/globalcenter.info\/psysoc\/index.php?rest_route=\/wp\/v2\/pages\/2"}],"collection":[{"href":"https:\/\/globalcenter.info\/psysoc\/index.php?rest_route=\/wp\/v2\/pages"}],"about":[{"href":"https:\/\/globalcenter.info\/psysoc\/index.php?rest_route=\/wp\/v2\/types\/page"}],"author":[{"embeddable":true,"href":"https:\/\/globalcenter.info\/psysoc\/index.php?rest_route=\/wp\/v2\/users\/4"}],"replies":[{"embeddable":true,"href":"https:\/\/globalcenter.info\/psysoc\/index.php?rest_route=%2Fwp%2Fv2%2Fcomments&post=2"}],"version-history":[{"count":146,"href":"https:\/\/globalcenter.info\/psysoc\/index.php?rest_route=\/wp\/v2\/pages\/2\/revisions"}],"predecessor-version":[{"id":987,"href":"https:\/\/globalcenter.info\/psysoc\/index.php?rest_route=\/wp\/v2\/pages\/2\/revisions\/987"}],"wp:attachment":[{"href":"https:\/\/globalcenter.info\/psysoc\/index.php?rest_route=%2Fwp%2Fv2%2Fmedia&parent=2"}],"curies":[{"name":"wp","href":"https:\/\/api.w.org\/{rel}","templated":true}]}}