{"id":508,"date":"2019-08-27T18:05:18","date_gmt":"2019-08-27T15:05:18","guid":{"rendered":"http:\/\/globalcenter.info\/psysoc\/?page_id=508"},"modified":"2019-08-27T18:10:07","modified_gmt":"2019-08-27T15:10:07","slug":"psysoc-2018","status":"publish","type":"page","link":"https:\/\/globalcenter.info\/psysoc\/?page_id=508","title":{"rendered":"PSYSOC 2018"},"content":{"rendered":"\n<h4 class=\"wp-block-heading\" style=\"text-align:center\">7th World Conference on Psychology and Sociology<br>(WCPS-2018)<br>15-17 November 2018<br>Universidad de alcada, Madrid, Spain<br>hostal torrejon Congress Center<\/h4>\n\n\n\n<p>Link to PSYSOC 2018 Poster is available here<br>Link to PSYSOC 2018 Abstract Book is available <a rel=\"noreferrer noopener\" href=\"http:\/\/awer-center.org\/\" target=\"_blank\">here<br><\/a>Link to PSYSOC 2018 Program Book is available <a href=\"http:\/\/globalcenter.info\/psysoc\/wp-content\/uploads\/2019\/08\/PSYSOC-2018-Draft-Program.pdf\" target=\"_blank\" rel=\"noreferrer noopener\" aria-label=\" (yeni sekmede a\u00e7\u0131l\u0131r)\">here<br><\/a>(PSYSOC-2018) Link to published papers is available at here<\/p>\n","protected":false},"excerpt":{"rendered":"<p>7th World Conference on Psychology and Sociology(WCPS-2018)15-17 November 2018Universidad de alcada, Madrid, Spainhostal torrejon Congress Center Link to PSYSOC 2018 Poster is available hereLink to PSYSOC 2018 Abstract Book is available hereLink to PSYSOC 2018 Program Book is available here(PSYSOC-2018) Link to published papers is available at here<\/p>\n","protected":false},"author":4,"featured_media":0,"parent":0,"menu_order":0,"comment_status":"closed","ping_status":"closed","template":"","meta":{"footnotes":""},"_links":{"self":[{"href":"https:\/\/globalcenter.info\/psysoc\/index.php?rest_route=\/wp\/v2\/pages\/508"}],"collection":[{"href":"https:\/\/globalcenter.info\/psysoc\/index.php?rest_route=\/wp\/v2\/pages"}],"about":[{"href":"https:\/\/globalcenter.info\/psysoc\/index.php?rest_route=\/wp\/v2\/types\/page"}],"author":[{"embeddable":true,"href":"https:\/\/globalcenter.info\/psysoc\/index.php?rest_route=\/wp\/v2\/users\/4"}],"replies":[{"embeddable":true,"href":"https:\/\/globalcenter.info\/psysoc\/index.php?rest_route=%2Fwp%2Fv2%2Fcomments&post=508"}],"version-history":[{"count":3,"href":"https:\/\/globalcenter.info\/psysoc\/index.php?rest_route=\/wp\/v2\/pages\/508\/revisions"}],"predecessor-version":[{"id":512,"href":"https:\/\/globalcenter.info\/psysoc\/index.php?rest_route=\/wp\/v2\/pages\/508\/revisions\/512"}],"wp:attachment":[{"href":"https:\/\/globalcenter.info\/psysoc\/index.php?rest_route=%2Fwp%2Fv2%2Fmedia&parent=508"}],"curies":[{"name":"wp","href":"https:\/\/api.w.org\/{rel}","templated":true}]}}