{"id":813,"date":"2022-03-08T11:29:21","date_gmt":"2022-03-08T08:29:21","guid":{"rendered":"http:\/\/globalcenter.info\/psysoc\/?page_id=813"},"modified":"2022-03-08T11:29:21","modified_gmt":"2022-03-08T08:29:21","slug":"psysoc-2021","status":"publish","type":"page","link":"https:\/\/globalcenter.info\/psysoc\/?page_id=813","title":{"rendered":"PSYSOC-2021"},"content":{"rendered":"<p><br>\n<br>\n<!--StartFragment--><\/p>\n\n\n<h3 class=\"wp-block-heading\" style=\"text-align:center\">10TH WORLD CONFERENCE ON PSYCHOLOGY AND SOCIOLOGY <\/h3>\n\n\n\n<h3 class=\"wp-block-heading\" style=\"text-align:center\">(PSYSOC-2021)<\/h3>\n\n\n\n<p style=\"text-align:center\"><strong>Ayvansaray University \u0130stanbul TURKEY<\/strong><br>27-29 NOVEMBER 2021<\/p>\n\n\n\n<p>Link to PSYSOC 2021 Abstract Book is available\u00a0<a rel=\"noreferrer noopener\" aria-label=\" (yeni sekmede a\u00e7\u0131l\u0131r)\" href=\"http:\/\/globalcenter.info\/psysoc\/wp-content\/uploads\/2021\/12\/Psysoc-2021-abstracts.pdf\" target=\"_blank\">here<\/a><br>Link to PSYSOC 2021 Program Book is available\u00a0<a href=\"http:\/\/globalcenter.info\/psysoc\/wp-content\/uploads\/2022\/03\/Psysoc-2021-Programme-word-.pdf\" target=\"_blank\" rel=\"noreferrer noopener\" aria-label=\" (yeni sekmede a\u00e7\u0131l\u0131r)\">here<\/a><\/p>\n\n\n\n<p><\/p>\n\n\n<p><!--EndFragment--><br>\n<br>\n<\/p>","protected":false},"excerpt":{"rendered":"<p>10TH WORLD CONFERENCE ON PSYCHOLOGY AND SOCIOLOGY (PSYSOC-2021) Ayvansaray University \u0130stanbul TURKEY27-29 NOVEMBER 2021 Link to PSYSOC 2021 Abstract Book is available\u00a0hereLink to PSYSOC 2021 Program Book is available\u00a0here<\/p>\n","protected":false},"author":4,"featured_media":0,"parent":0,"menu_order":0,"comment_status":"closed","ping_status":"closed","template":"","meta":{"footnotes":""},"_links":{"self":[{"href":"https:\/\/globalcenter.info\/psysoc\/index.php?rest_route=\/wp\/v2\/pages\/813"}],"collection":[{"href":"https:\/\/globalcenter.info\/psysoc\/index.php?rest_route=\/wp\/v2\/pages"}],"about":[{"href":"https:\/\/globalcenter.info\/psysoc\/index.php?rest_route=\/wp\/v2\/types\/page"}],"author":[{"embeddable":true,"href":"https:\/\/globalcenter.info\/psysoc\/index.php?rest_route=\/wp\/v2\/users\/4"}],"replies":[{"embeddable":true,"href":"https:\/\/globalcenter.info\/psysoc\/index.php?rest_route=%2Fwp%2Fv2%2Fcomments&post=813"}],"version-history":[{"count":1,"href":"https:\/\/globalcenter.info\/psysoc\/index.php?rest_route=\/wp\/v2\/pages\/813\/revisions"}],"predecessor-version":[{"id":815,"href":"https:\/\/globalcenter.info\/psysoc\/index.php?rest_route=\/wp\/v2\/pages\/813\/revisions\/815"}],"wp:attachment":[{"href":"https:\/\/globalcenter.info\/psysoc\/index.php?rest_route=%2Fwp%2Fv2%2Fmedia&parent=813"}],"curies":[{"name":"wp","href":"https:\/\/api.w.org\/{rel}","templated":true}]}}