{"id":8,"date":"2015-03-20T07:54:55","date_gmt":"2015-03-20T05:54:55","guid":{"rendered":"http:\/\/www.awer-center.org\/wcit\/?page_id=8"},"modified":"2025-08-05T12:45:48","modified_gmt":"2025-08-05T09:45:48","slug":"organizing-committee","status":"publish","type":"page","link":"https:\/\/globalcenter.info\/wcit\/?page_id=8","title":{"rendered":"Organizing Committee"},"content":{"rendered":"<p><strong>Organized by<\/strong><br \/><a href=\"http:\/\/www.neu.edu.tr\">Near East University<\/a>, Cyprus<br \/><a href=\"http:\/\/www.taeg-center.org\">The Academic Events Group<\/a> (TAEG)<\/p>\n<p><strong>Program Chair<\/strong><br \/><strong>Prof. Dr. Ozcan Asilkan, <\/strong>Higher Colleges of Technology (HCT), United Arab Emirates<\/p>\n<p style=\"text-align: left;\"><strong>International Program Committee<br \/><\/strong><\/p>\n<h5 style=\"text-align: left;\">Atefeh Ferdosipour, Educational Psychologist, PhD | AI &amp; Education Researcher|, USA<\/h5>\n<p><strong>Adem Karahoca,<\/strong>Istanbul Medeniyet University, Turkey<\/p>\n<p><strong>Huseyin Uzunboylu<\/strong>, University of Kyrenia, Cyprus<\/p>\n<p><strong>Amadeu Pons i Serra<\/strong>, University of Barcelona, Spain<\/p>\n<p><strong>Angel Garrido<\/strong>, Universidad Nacional de Educaci\u00f3n, Switzerland<\/p>\n<p><strong>Asl\u0131han T\u00fcfek\u00e7i<\/strong>, Gazi University, Turkey<\/p>\n<p><strong>Damelya Yeskendirova<\/strong>, Turan University, Kazakhstan<\/p>\n<p><strong>Elmira Uaidullakyzy<\/strong>, Abay Kazak Devlet Universitesi, Kazakhstan<\/p>\n<p><strong>Jeffrey Soar<\/strong>, University of Southern Queensland, Australia<\/p>\n<p><strong>Jianming Cui<\/strong>, Shandong University of Science and Technology, China<\/p>\n<p><strong>Kayvan Kaseb<\/strong>, Senior Android Developer\/Technical Writer, Turkey<\/p>\n<p><strong>Mehmet Karamanoglu<\/strong>, Middlesex University, UK<\/p>\n<p><strong>Prof. Dr. Mentor Hamidi,\u00a0<\/strong>Southeast European University, North Macedonia<\/p>\n<p><strong>Robert Wu<\/strong>, CQUniversity, Australia<\/p>\n<p><strong>Selma Koc<\/strong>, Cleveland State University, USA<\/p>\n<p><strong>Organizing Committee<br \/>Dr. Tahir Tavukcu<\/strong>,\u00a0<em>Ankara Social Sciences University<\/em>, Cyprus<br \/><strong>Dr. Nihat Ekizoglu<\/strong>,\u00a0<em>Ataturk Teacher Training Academy<\/em>, Cyprus<br \/><strong>Dr. Blerta Prevalla Etemi<\/strong>,\u00a0<em>AAB University,<\/em>\u00a0Kosova<br \/><strong>Beria Gokaydin<\/strong>,\u00a0<em>Near East University<\/em>, Cyprus<br \/><strong>Semih Caliskan<\/strong>, Ya\u015far<em>\u00a0University<\/em>, Turkey<br \/><strong>Zeynep Genc<\/strong>,\u00a0<em>Istanbul Ayd\u0131n University<\/em>, Turkey<br \/><strong>Daniel Sekyere-Asiedu<\/strong>,\u00a0<em>Near East University<\/em>, Cyprus<br \/><strong>Florijeta Hulaj<\/strong>,\u00a0<em>AAB College<\/em>, Kosova<br \/><strong>Metin Berk Odabas\u0131<\/strong>,\u00a0<em>Warwick University<\/em>, UK<br \/><strong>Tolga Savaskurt<\/strong>,\u00a0<em>Istanbul Ayd\u0131n University<\/em>, Turkey<strong>\u00a0<\/strong><\/p>\n\n\n<p><\/p>\n","protected":false},"excerpt":{"rendered":"<p>Organized byNear East University, CyprusThe Academic Events Group (TAEG) Program ChairProf. Dr. Ozcan Asilkan, Higher Colleges of Technology (HCT), United Arab Emirates International Program Committee Atefeh Ferdosipour, Educational Psychologist, PhD | AI &amp; Education Researcher|, USA Adem Karahoca,Istanbul Medeniyet University, Turkey Huseyin Uzunboylu, University of Kyrenia, Cyprus Amadeu Pons i Serra, University of Barcelona, Spain [&hellip;]<\/p>\n","protected":false},"author":4,"featured_media":0,"parent":0,"menu_order":0,"comment_status":"closed","ping_status":"open","template":"","meta":{"footnotes":""},"class_list":["post-8","page","type-page","status-publish","hentry"],"jetpack_sharing_enabled":true,"_links":{"self":[{"href":"https:\/\/globalcenter.info\/wcit\/index.php?rest_route=\/wp\/v2\/pages\/8"}],"collection":[{"href":"https:\/\/globalcenter.info\/wcit\/index.php?rest_route=\/wp\/v2\/pages"}],"about":[{"href":"https:\/\/globalcenter.info\/wcit\/index.php?rest_route=\/wp\/v2\/types\/page"}],"author":[{"embeddable":true,"href":"https:\/\/globalcenter.info\/wcit\/index.php?rest_route=\/wp\/v2\/users\/4"}],"replies":[{"embeddable":true,"href":"https:\/\/globalcenter.info\/wcit\/index.php?rest_route=%2Fwp%2Fv2%2Fcomments&post=8"}],"version-history":[{"count":51,"href":"https:\/\/globalcenter.info\/wcit\/index.php?rest_route=\/wp\/v2\/pages\/8\/revisions"}],"predecessor-version":[{"id":1513,"href":"https:\/\/globalcenter.info\/wcit\/index.php?rest_route=\/wp\/v2\/pages\/8\/revisions\/1513"}],"wp:attachment":[{"href":"https:\/\/globalcenter.info\/wcit\/index.php?rest_route=%2Fwp%2Fv2%2Fmedia&parent=8"}],"curies":[{"name":"wp","href":"https:\/\/api.w.org\/{rel}","templated":true}]}}